o - 2*f = -7*f. Let n(l) = -l**2 - l + 24. Determine n(o).
24
Let u(f) = -11*f + 236. Let l(w) = -2. Let z(o) = 6*l(o) + u(o). Give z(19).
15
Let u(q) = -7*q**2 + 9*q - 7. Let b(z) = 3*z**2 - 4*z + 3. Let f(h) = -9*b(h) - 4*u(h). Let y(s) = -154*s - 926. Let w be y(-6). Calculate f(w).
5
Let x(w) = -11*w - 15. Let i(r) = -7*r - 7. Let m(a) = 3*i(a) - 2*x(a). Calculate m(-17).
-8
Let u = -31 + 27. Let m be 10/((u - -2)/(7 + -11)). Let c(t) = -m*t - 3*t**3 + 7*t**2 + 2*t**3 + 10*t + 7. Determine c(6).
-17
Let a(p) = -6*p + 4 - 5*p**2 - 6*p - 27 + 11. Let u(t) = -9*t**2 - 23*t - 24. Let f(i) = 7*a(i) - 4*u(i). Give f(-6).
0
Let z(v) = -4*v**3 + 15*v + 14. Let f be z(-2). Let t(g) = g**2 - 19*g + 47. Determine t(f).
-1
Let d(j) = j**3 - 2*j**2 - 4*j - 3. Let p = 143 - 137. Suppose -g - 80 = 3*i, -3*i - p*g - 70 = -10*g. Let h = i + 24. What is d(h)?
-11
Let h(g) = g - 9. Let a(z) = z**2 - z + 22. Let s be a(0). Let d be (0 - 1)/((-2)/s). Give h(d).
2
Let p(v) = 25*v**2 + 7*v - 9. Let j be p(2). Let x(s) = -j - 112 + 2*s + 222. Determine x(6).
17
Let y(s) = -2*s**2 - 20*s - 7. Suppose -37*m - 114*m = 112*m + 2893. What is y(m)?
-29
Let f(r) = r - 1. Let s = 143 + -139. Suppose -4*t - s + 8 = 0. Determine f(t).
0
Let d(v) be the first derivative of v**2 + 3*v - 966. Suppose -2*h = -6, 0 = -2*c + 5*h + 8 - 27. Calculate d(c).
-1
Let w = -15677 + 15667. Let f(a) = -9*a - 104. Determine f(w).
-14
Let x(v) = v**2 - 5*v + 3. Suppose 4*l = 6*l. Let m be 10*(-4)/(-100) + (-253)/(-5). Suppose -6*i - 15 + m = l. Determine x(i).
9
Suppose 4*y = -4, -31 = 3*j + 11*y - 7*y. Let w(l) = -2*l**3 - 18*l**2 - 4*l - 32. What is w(j)?
4
Let m = 23572 - 23573. Let z(a) = 56*a + 53. What is z(m)?
-3
Let l = -37 + 58. Let a = 24 - l. Let h(v) = -5*v - a*v + 18 - 18. Calculate h(-1).
8
Let o(g) be the third derivative of -g**5/60 - g**4/4 - g**3/2 + 2*g**2 - 6. Let s be o(-4). Let k(v) = v - 9. Give k(s).
-4
Let b(s) = -s + 9. Let p be 2/(-3)*(9/3)/(-1). Suppose -7*j = p*j - 549. Let q = j + -56. Give b(q).
4
Let u(m) be the second derivative of 12 + 13*m**2 + 1/12*m**4 - 1/6*m**3 - 4*m. Determine u(0).
26
Let c = 119 + -200. Let w be ((-1)/3)/((-9)/c). Let q(x) = 4*x. Calculate q(w).
-12
Let p(n) = 8*n - 34. Suppose -2*m + 558*q - 555*q = -27, -35 = -5*m + q. What is p(m)?
14
Let x(h) = -38 + 22 - 29 - 3*h - 22 + 2. Determine x(-21).
-2
Let y(h) = 3*h**2 - 15 + 19*h + 9*h**2 - 26*h**2 + 12*h**2. Suppose -4*w + 173 - 141 = -2*d, 2*d = -2*w + 22. What is y(w)?
-6
Suppose 17 = 10*h - 3. Let k(c) = -4*c**2 + c**2 + c**2 + 4*c - 6*c + h. Give k(-2).
-2
Suppose -l + 2*l - 21 = -2*k, -5*l = k - 15. Let z be ((-3)/5)/((-1)/k). Suppose 2*d - z*d = 0. Let m(p) = p + 5. What is m(d)?
5
Suppose -7 = -4*m + 9. Let o(a) be the first derivative of -2*a + 24 + 1/2*a**2. Give o(m).
2
Let j(f) = 6*f - 5*f**2 - 4*f**2 + 8*f**2 + 1. Let x be j(7). Let n(a) = a**2 + 9*a + 6. Calculate n(x).
-12
Suppose 0 = -3*q + 5 + 19. Let t(a) be the second derivative of -a**4/12 + 11*a**3/6 + 56*a + 49. Determine t(q).
24
Let q(w) = w**3 + 4*w**2 + 3*w - 3. Let b(v) be the third derivative of v**5/60 - 23*v**4/24 + 13*v**3/2 - 75*v**2. Let d be b(21). Give q(d).
-3
Let p(b) = -85*b - 6. Let l(o) = -38*o - 2. Let i(r) = 9*l(r) - 4*p(r). Suppose -q + 20 = -6*q. Determine i(q).
14
Let o(n) = 2*n**3 + 11*n**2 + 12*n + 3. Let z be o(-4). Let s(x) = 40 - 11*x**3 + 12*x**z - 36 + 3*x + 2*x**2. Let b be 4/(-6) - 21/9. Give s(b).
-14
Suppose -5*l - 7 = 4*k, -2*k + 3 = -l - 4. Let f be (-2)/4 + l/2. Let w be 7/21 + f/6. Let z(r) = -r**3 - r**2 - 10. What is z(w)?
-10
Let h(u) = -u. Let r = -54 - -59. Suppose 4*a + r*a = -297. Let g be a/(-3) + 0 + -2. Give h(g).
-9
Let q(j) = 77 + 2182*j**2 - 4 + 47 + 42*j - j**3 - 2220*j**2. Give q(-39).
3
Suppose -7*r = -4*r - 30. Suppose 0 = 2*w - 7*w + r. Let x(d) = -d**3 + 8*d + 2 - 3 + d**w - 2 + 4*d**2. What is x(6)?
9
Suppose -5*o - 24*v + 29*v - 15 = 0, o = -3*v - 27. Let j(h) = -h**2 + 4*h + 21. Calculate j(o).
-96
Suppose 0 = -2*k + 4*i + 34, 14*k + 33*i = 30*i - 10. Let j(r) be the third derivative of -1/6*r**4 + 0*r + r**2 + 0*r**3 + 0. Calculate j(k).
-4
Let u = -77 - -81. Let p(d) = 1 + 13*d - 6*d - u*d - 4*d. Let q = -19 - -22. Calculate p(q).
-2
Let w(r) = r**2 - 6*r - 7. Suppose -3*i - 1 = 4*z, 5*i - 1 = -5*z + 2*i. Let d = -11856 + 11878. Suppose p - d = -4*h, -z = h + 4*p - 0*p. What is w(h)?
-7
Let q(g) = g**3 + 6*g**2 - 9*g - 4. Suppose 5*f - 444 + 484 = -2*h, -4*f - 4*h = 44. What is q(f)?
50
Suppose -44*c + 2*c + 210 = 0. Suppose 5*d - c = 5*n + 15, -2*d = -3*n - 9. Let k(r) = 2*r**2 + r - 4. Give k(d).
17
Let b(o) = -o**2 - 11*o - 23. Let n(j) = j**2 + 13*j + 23. Let v be n(-10). Let m be b(v). Let g(a) = 3 + 0 - m - 2*a. What is g(6)?
-14
Suppose -71 = 3*u - 5*r + 9*r, 2*u + 3*r = -48. Let d(z) = z**2 + 22*z + 2. Calculate d(u).
-19
Let s(w) be the second derivative of -w**4/3 - w**3/3 + w**2/2 + 841*w. Calculate s(1).
-5
Suppose -5*c = 4*j - 19, -9 = -5*c + 3*j + 3. Let d(i) = -i - 2*i - c + 3*i**2 - i**2 - i**2. Let w be (10/75*15)/(-1). What is d(w)?
7
Suppose -6 = -45*y + 51*y. Let u(d) = -2 + 14*d + 23*d + 3. Determine u(y).
-36
Let f(v) be the first derivative of -v**3/3 + 9*v**2/2 - 3*v + 9298. What is f(10)?
-13
Let a(q) = q**2 + 15*q - 29. Let i be a(13). Let u = i - 340. Let k(x) = 4*x + 6. Give k(u).
-14
Let l(u) = u**3 - 34*u**2 + 4*u + 10. Let z(n) = -2*n**3 + 40*n**2 - 5*n - 12. Let q(d) = 7*l(d) + 6*z(d). Determine q(-1).
7
Suppose -4*n + 3*z - 8 = -3*n, -3*z + 16 = -5*n. Let f be 0/((-30)/(-12)*n). Let p(r) = -r**3 + r**2 - r + 24. Determine p(f).
24
Let i(g) be the second derivative of g**2 - 1/6*g**3 - 1 + 5*g. Let x(l) = -l - 2. Let w be x(4). Give i(w).
8
Let d(j) = j**2 + 8*j - 3. Suppose -3*z + 17 = 2*q, -z + 14 = q + 8. Suppose -z*t + 2*w = 41, 3*t - 2*w + 8 = -19. What is d(t)?
-10
Let d(g) = g + 12. Suppose k = m + 105, m - 3*k + 81 = -30. Let y = m - -102. Let p be (y/((-12)/4))/(2/2). Give d(p).
12
Let h(p) be the first derivative of p**3/3 + 2*p**2 + 4*p + 45. Let d(g) = 2*g + 3*g**2 - 4*g - 2*g**2 + 6*g. Let o be d(-2). Give h(o).
4
Suppose -3 - 137 = -7*p. Let l be (-4)/p - (-12)/(-15). Let k(s) = -16*s**2 + s + 1. Calculate k(l).
-16
Suppose 3*n + 77*t - 78*t = 5, -t = -4. Let o(m) = 2*m + 8. Calculate o(n).
14
Let j(a) = -19*a - 262. Let c be j(-14). Let l(g) = 6*g - 12. Give l(c).
12
Suppose 478*i = 475*i + 39. Let l(o) = 12*o**2 - 20*o**2 + o - 3*o + i*o**2. Calculate l(-1).
7
Let h(d) = 10*d - 26. Let n be h(0). Let b = 26 + n. Let l(p) be the third derivative of -p**4/24 - 19*p**3/6 + 2*p**2. Calculate l(b).
-19
Let d(r) = r**3 - 78*r**2 - 83*r + 322. Let z be (3 - -8) + 0 - (-102 + 34). Calculate d(z).
6
Suppose 0 = -69*s + 64*s + 10. Let m(x) = 7*x - 6 + 5*x**s + 3*x**2 - 9*x**2. Determine m(7).
-6
Let t(a) = 13*a + 6. Let u(k) = 28*k + 12. Let x(v) = -13*t(v) + 6*u(v). Calculate x(-6).
0
Let f(z) be the third derivative of -2/3*z**3 + 0*z - 23 - 1/8*z**4 - 5*z**2. What is f(-4)?
8
Let b(w) = 3*w**3 + 4*w**2 + 4*w + 2. Let t be (-6)/((-21)/(-140)*-2). Suppose 3*c = 4*g - 3 - 15, 4*c = 4*g - t. What is b(c)?
-14
Let c(p) be the second derivative of 14*p**3/3 + 67*p**2/2 - 10759*p. Calculate c(-3).
-17
Let h(z) = -z**3 + 8*z**2 - 52*z + 549. Let o be h(9). Let w(v) be the second derivative of -1/2*v**4 + 8*v + 1/2*v**3 - 2*v**2 + o + 1/20*v**5. Determine w(6).
14
Let a(t) = 8*t + 10. Let r(c) = -2*c + 8*c + c - 9*c - 3. Let k(l) = 2*a(l) + 7*r(l). Determine k(5).
9
Suppose -l - 4*a = a + 10, -4*l = 5*a - 20. Let r(z) be the first derivative of -z**3/3 + 13*z**2/2 + 10*z + 74254. Determine r(l).
40
Let s be -17 - 394/(-24) - -1. Let o(l) be the second derivative of s*l**4 + 0 - 1/3*l**3 - 9*l - 1/20*l**5 + 5/2*l**2. Give o(4).
13
Let v(x) = -x**3 + 4*x**2 - 2*x - 1. Suppose -6*o + 164 = -2*o. Let l = -41 + o. Suppose l - 2 = -n. Determine v(n).
3
Let l(f) = 6*f - 19. Let k be l(3). Let j(x) = -1 - 3*x - 4*x + 7*x + x**2 - 2*x**2. Determine j(k).
-2
Suppose 4*r + 5*y - 31 = 0, -3*r - 37*y + 3 = -40*y. Suppose -16*z + 12 = -r. Let p(a) = 9*a - 1. Calculate p(z).
8
Let l(q) = 20*q + 9. Let h(z) = 11*z + 12. Let p(g) = -5*h(g) + 4*l(g). Determine p(1).
1
Let i(w) be the first derivative of -3*w**2/2 - w + 447. Calculate